of 2810.
2, 5, 281
List the prime factors of 16062.
2, 3, 2677
What are the prime factors of 27885?
3, 5, 11, 13
What are the prime factors of 22392?
2, 3, 311
List the prime factors of 8785.
5, 7, 251
List the prime factors of 8107.
11, 67
What are the prime factors of 5946?
2, 3, 991
What are the prime factors of 4666?
2, 2333
List the prime factors of 3953.
59, 67
List the prime factors of 2453.
11, 223
List the prime factors of 5354.
2, 2677
List the prime factors of 26660.
2, 5, 31, 43
List the prime factors of 7666.
2, 3833
What are the prime factors of 76?
2, 19
What are the prime factors of 40010?
2, 5, 4001
What are the prime factors of 947?
947
What are the prime factors of 15933?
3, 47, 113
List the prime factors of 1274.
2, 7, 13
List the prime factors of 26638.
2, 19, 701
List the prime factors of 95581.
95581
What are the prime factors of 3694?
2, 1847
List the prime factors of 18055.
5, 23, 157
What are the prime factors of 28570?
2, 5, 2857
List the prime factors of 83003.
83003
What are the prime factors of 20371?
13, 1567
What are the prime factors of 1259?
1259
What are the prime factors of 92843?
227, 409
What are the prime factors of 1687?
7, 241
What are the prime factors of 454?
2, 227
What are the prime factors of 32367?
3, 10789
List the prime factors of 1177.
11, 107
What are the prime factors of 13112?
2, 11, 149
List the prime factors of 14462.
2, 7, 1033
List the prime factors of 37428.
2, 3, 3119
What are the prime factors of 22996?
2, 5749
List the prime factors of 6500.
2, 5, 13
What are the prime factors of 1324?
2, 331
List the prime factors of 44615.
5, 8923
What are the prime factors of 1952?
2, 61
What are the prime factors of 662?
2, 331
What are the prime factors of 734?
2, 367
What are the prime factors of 1748?
2, 19, 23
What are the prime factors of 14080?
2, 5, 11
What are the prime factors of 2066?
2, 1033
List the prime factors of 6277.
6277
What are the prime factors of 11958?
2, 3, 1993
What are the prime factors of 5184?
2, 3
List the prime factors of 114.
2, 3, 19
List the prime factors of 3241.
7, 463
List the prime factors of 3625.
5, 29
List the prime factors of 473.
11, 43
What are the prime factors of 90789?
3, 53, 571
List the prime factors of 547.
547
List the prime factors of 72485.
5, 7, 19, 109
What are the prime factors of 233?
233
List the prime factors of 4035.
3, 5, 269
List the prime factors of 166.
2, 83
List the prime factors of 524.
2, 131
What are the prime factors of 10039?
10039
What are the prime factors of 21299?
19, 59
What are the prime factors of 1246?
2, 7, 89
What are the prime factors of 1915?
5, 383
What are the prime factors of 1620?
2, 3, 5
What are the prime factors of 12363?
3, 13, 317
What are the prime factors of 472?
2, 59
What are the prime factors of 11309?
43, 263
List the prime factors of 4885.
5, 977
What are the prime factors of 60848?
2, 3803
List the prime factors of 1367.
1367
What are the prime factors of 5982?
2, 3, 997
What are the prime factors of 47700?
2, 3, 5, 53
List the prime factors of 459.
3, 17
List the prime factors of 166554.
2, 3, 19, 487
What are the prime factors of 6521?
6521
What are the prime factors of 64769?
239, 271
What are the prime factors of 406?
2, 7, 29
What are the prime factors of 6593?
19, 347
What are the prime factors of 15319?
15319
What are the prime factors of 14782?
2, 19, 389
List the prime factors of 35.
5, 7
What are the prime factors of 19209?
3, 19, 337
List the prime factors of 208.
2, 13
What are the prime factors of 18012?
2, 3, 19, 79
List the prime factors of 14072.
2, 1759
List the prime factors of 1123.
1123
What are the prime factors of 67232?
2, 11, 191
What are the prime factors of 11858?
2, 7, 11
List the prime factors of 16354.
2, 13, 17, 37
What are the prime factors of 155075?
5, 6203
What are the prime factors of 36663?
3, 11, 101
List the prime factors of 4449.
3, 1483
What are the prime factors of 1860?
2, 3, 5, 31
List the prime factors of 1813.
7, 37
What are the prime factors of 52143?
3, 7, 13, 191
What are the prime factors of 21595?
5, 7, 617
What are the prime factors of 10182?
2, 3, 1697
List the prime factors of 3066.
2, 3, 7, 73
List the prime factors of 483.
3, 7, 23
What are the prime factors of 16499?
7, 2357
List the prime factors of 3324.
2, 3, 277
What are the prime factors of 30322?
2, 15161
What are the prime factors of 5979?
3, 1993
What are the prime factors of 7292?
2, 1823
List the prime factors of 35559.
3, 439
List the prime factors of 43411.
43411
What are the prime factors of 3134?
2, 1567
List the prime factors of 26817.
3, 7, 1277
List the prime factors of 853.
853
List the prime factors of 56882.
2, 7, 17, 239
What are the prime factors of 30824?
2, 3853
List the prime factors of 7591.
7591
List the prime factors of 1462.
2, 17, 43
List the prime factors of 1633.
23, 71
What are the prime factors of 4571?
7, 653
What are the prime factors of 3445?
5, 13, 53
What are the prime factors of 5489?
11, 499
What are the prime factors of 8276?
2, 2069
What are the prime factors of 1684?
2, 421
What are the prime factors of 9696?
2, 3, 101
List the prime factors of 350.
2, 5, 7
What are the prime factors of 80907?
3, 149, 181
What are the prime factors of 4108?
2, 13, 79
What are the prime factors of 9993?
3, 3331
What are the prime factors of 14216?
2, 1777
What are the prime factors of 4858?
2, 7, 347
What are the prime factors of 1099?
7, 157
What are the prime factors of 9606?
2, 3, 1601
List the prime factors of 790.
2, 5, 79
What are the prime factors of 1710?
2, 3, 5, 19
What are the prime factors of 6264?
2, 3, 29
What are the prime factors of 4?
2
What are the prime factors of 4747?
47, 101
List the prime factors of 24811.
43, 577
List the prime factors of 2972.
2, 743
List the prime factors of 1254.
2, 3, 11, 19
What are the prime factors of 11747?
17, 691
What are the prime factors of 334?
2, 167
What are the prime factors of 656?
2, 41
List the prime factors of 18032.
2, 7, 23
What are the prime factors of 1441?
11, 131
What are the prime factors of 839?
839
What are the prime factors of 5245?
5, 1049
What are the prime factors of 1185?
3, 5, 79
List the prime factors of 21375.
3, 5, 19
What are the prime factors of 13390?
2, 5, 13, 103
What are the prime factors of 4266?
2, 3, 79
List the prime factors of 2023.
7, 17
What are the prime factors of 23974?
2, 11987
What are the prime factors of 759?
3, 11, 23
List the prime factors of 344.
2, 43
List the prime factors of 547.
547
What are the prime factors of 5817?
3, 7, 277
What are the prime factors of 91577?
91577
What are the prime factors of 332?
2, 83
List the prime factors of 43523.
71, 613
What are the prime factors of 1254?
2, 3, 11, 19
List the prime factors of 32811.
3, 10937
What are the prime factors of 76918?
2, 38459
What are the prime factors of 34424?
2, 13, 331
List the prime factors of 674.
2, 337
What are the prime factors of 294?
2, 3, 7
What are the prime factors of 5003?
5003
List the prime factors of 6369.
3, 11, 193
List the prime factors of 15704.
2, 13, 151
List the prime factors of 981.
3, 109
What are the prime factors of 1506?
2, 3, 251
List the prime factors of 17889.
3, 67, 89
What are the prime factors of 14906?
2, 29, 257
What are the prime factors of 848?
2, 53
List the prime factors of 23223.
3, 7741
What are the prime factors of 4191?
3, 11, 127
What are the prime factors of 1928?
2, 241
What are the prime factors of 3675?
3, 5, 7
List the prime factors of 34366.
2, 17183
List the prime factors of 1858.
2, 929
List the prime factors of 6057.
3, 673
What are the prime factors of 1904?
2, 7, 17
List the prime factors of 136.
2, 17
What are the prime factors of 4535?
5, 907
What are the prime factors of 413?
7, 59
What are the prime factors of 36979?
36979
List the prime factors of 3027.
3, 1009
What are the prime factors of 10865?
5, 41, 53
What are the prime factors of 743?
743
List the prime factors of 11245.
5, 13, 173
What are the prime factors of 53300?
2, 5, 13, 41
What are the prime factors of 24055?
5, 17, 283
List the prime factors of 26022.
2, 3, 4337
What are the prime factors of 3380?
2, 5, 13
What are the prime factors of 1864?
2, 233
List the prime factors of